{"id":3,"date":"2020-09-03T00:30:27","date_gmt":"2020-09-03T00:30:27","guid":{"rendered":"http:\/\/44.234.88.98\/tiendavir\/?page_id=3"},"modified":"2023-11-30T17:58:36","modified_gmt":"2023-11-30T17:58:36","slug":"aviso-privacidad","status":"publish","type":"page","link":"https:\/\/hospitalgalenia.com\/tiendavir\/aviso-privacidad\/","title":{"rendered":"Aviso de privacidad"},"content":{"rendered":"\n<p>El Derecho Humano a la Privacidad se refiere a que las personas tienen derecho a gozar de un \u00e1mbito de proyecci\u00f3n de su existencia, que quede reservado de la invasi\u00f3n y la mirada de los dem\u00e1s que les concierna solo a ellos y que los provea de condiciones adecuadas para el despliegue de su individualidad, para el desarrollo de su autonom\u00eda y su libertad; as\u00ed como el Derecho a la Protecci\u00f3n de Datos Personales que es un derecho del individuo derivado de su derecho a la intimidad, pues est\u00e1 encausado a que \u00e9ste se respete a trav\u00e9s de la Protecci\u00f3n de Datos Personales que busca primordialmente salvaguardar la privacidad de los individuos; que rigen, tutelan y protegen la confidencialidad de Datos personales y\/o sensibles a que se refiere la Constituci\u00f3n Pol\u00edtica de los Estados Unidos Mexicanos y la Ley Federal de Protecci\u00f3n de Datos Personales en Posesi\u00f3n de los Particulares.<\/p>\n\n\n\n<p>AMAZONIA, S.A. DE C.V. con domicilio en Av. Tulum, Esq. Av Nizuc, Mza 1. Lote 1, Smza 12, Canc\u00fan, Quintana Roo, 77505, M\u00e9xico, es la responsable del tratamiento de sus datos personales que son solicitados, as\u00ed como de garantizar su privacidad y su derecho a la autodeterminaci\u00f3n informativa, por lo que, los datos personales que se obtengan ser\u00e1n tratados de manera responsable y confidencial, regulando los derechos de acceso, rectificaci\u00f3n, cancelaci\u00f3n y oposici\u00f3n del tratamiento de los mismos.<\/p>\n\n\n\n<p>Al proporcionar datos personales, el Usuario y\/o Demandante del servicio, est\u00e1 de acuerdo en su tratamiento que, conforme a la fracci\u00f3n XVIII del art\u00edculo 3 de la Ley Federal de Protecci\u00f3n de Datos Personales en Posesi\u00f3n de los Particulares, el t\u00e9rmino de \u201ctratamiento\u201d se entiende como la obtenci\u00f3n, uso, divulgaci\u00f3n o almacenamiento de datos personales, por cualquier medio, dicho, uso abarca cualquier acci\u00f3n de acceso, manejo, aprovechamiento, transferencia o disposici\u00f3n de datos personales; y en caso de no estar de acuerdo, el titular de los mismos no deber\u00e1 proporcionar dato alguno, ya que de hacerlo se entender\u00e1 que ha aceptado el tratamiento de los datos proporcionados.<\/p>\n\n\n\n<p>El Responsable (\u201cAMAZONIA\u201d, S.A. DE C.V.) puede recabar datos personales, que pudieran ser datos personales sensibles y\/o datos personales en general, con algunas de las siguientes finalidades:<\/p>\n\n\n\n<p>Seguridad de Paciente: identificaci\u00f3n correcta del paciente durante procesos de atenci\u00f3n de salud, b) Vigilancia: verificaci\u00f3n de seguridad durante la permanencia en las instalaciones del Nosocomio. Por lo que desde el momento de ingreso a las instalaciones, se entender\u00e1 por autorizado la videograbaci\u00f3n y\/o fotograf\u00edas, c) Control: como mecanismo de verificaci\u00f3n de calidad de la atenci\u00f3n y prestaci\u00f3n en los diversos servicios, d) Promoci\u00f3n: Para informarle de productos, servicios, promociones, regalos, ofertas o concursos, utilizar su imagen en campa\u00f1as de publicidad y mejorar su experiencia de navegaci\u00f3n en la P\u00e1gina de Internet, para la identificaci\u00f3n y acceso a nuestros eventos y a nuestra P\u00e1gina de Internet, actualizaci\u00f3n y almacenamiento en las bases de datos de Usuarios y\/o Demandantes del Servicio, as\u00ed como contactarlos con relaci\u00f3n a cualquiera de estos fines; y e) En General: cumplir las obligaciones que hemos contra\u00eddo con nuestros Usuarios y\/o Demandantes del Servicio.<\/p>\n\n\n\n<p>Los datos personales objeto de tratamiento, que pueden ser recabados y usados por AMAZONIA, S.A. DE C.V. o por cualquier otra persona que \u00e9sta designe o autorice para lograr los fines establecidos, ya sea desde su p\u00e1gina de internet www.hospitalgalenia.com (en adelante, la \u201cp\u00e1gina de internet\u201d) o dentro de las instalaciones de Hospital Galenia, son de manera enunciativa, empero no limitativa los siguientes:<\/p>\n\n\n\n<ol><li>Datos de identificaci\u00f3n: Nombre completo, edad, fecha y lugar de nacimiento, sexo, estado civil, domicilio, nacionalidad, ciudad y Pa\u00eds de residencia, ocupaci\u00f3n, n\u00famero(s) telef\u00f3nico(s), datos del establecimiento de Hospedaje trat\u00e1ndose de Turismo M\u00e9dico y\/o viajeros, clave \u00fanica de registro de poblaci\u00f3n, N\u00famero de Seguridad Social, Registro Federal de Contribuyentes, firma, religi\u00f3n, huella digital, compa\u00f1\u00eda para la cual trabaja, correo electr\u00f3nico (email), nombres en redes sociales, direcciones de IP, tipo de navegador de internet, p\u00e1ginas de internet que visita; la P\u00e1gina de Internet de AMAZONIA S.A. DE C.V. hace uso de cookies y web beacons. Las cookies son archivos descargados autom\u00e1ticamente y almacenados en su equipo de c\u00f3mputo al navegar un sitio de Internet, que permiten recordar al servidor de Internet datos sobre el usuario y sus preferencias de navegaci\u00f3n. Las web beacons son im\u00e1genes insertadas en un sitio de Internet o correo electr\u00f3nico que pueden ser utilizadas para recabar ciertos datos y monitorear el comportamiento del usuario en el sitio de Internet o almacenar su direcci\u00f3n de IP. Los Datos Personales que recabemos a trav\u00e9s de estos medios son utilizados \u00fanica y exclusivamente para mejorar su experiencia de navegaci\u00f3n y uso de nuestra P\u00e1gina de Internet y servicios electr\u00f3nicos; y en general cualquier dato de identificaci\u00f3n, que en lo sucesivo se denominar\u00e1n \u201cDatos Personales\u201d.<\/li><li>Datos de salud: Historia cl\u00ednica, interrogatorios m\u00e9dicos, resultados de estudios de imagenolog\u00eda, laboratorios y\/o de gabinetes, Diagn\u00f3sticos o problemas cl\u00ednicos, ficha de Identificaci\u00f3n, antecedentes hereditarios familiares, antecedentes personales no patol\u00f3gicos, antecedentes personales patol\u00f3gicos, padecimiento y\/o estado f\u00edsico y\/o psicol\u00f3gico, Interrogatorio por aparatos y sistemas, tratamientos terap\u00e9uticos y resultados obtenidos, medicamentos, v\u00edas, dosis y periodicidad, motivos de consulta m\u00e9dica, restricciones alimenticias, alergias, grupo sangu\u00edneo, donador de \u00f3rganos, cuestiones de car\u00e1cter psicol\u00f3gico y psiqui\u00e1trico, datos de su m\u00e9dico tratante, datos de contactos para caso de emergencia, certificados emitidos por m\u00e9dicos o instituciones m\u00e9dicas y\/o de salud, as\u00ed como cualquier dato e informaci\u00f3n de salud presente y futura de los usuarios y\/o demandantes de servicios hospitalarios, que en lo sucesivo se denominar\u00e1n \u201cDatos Personales Sensibles\u201d. AMAZONIA, S.A. DE C.V. a trav\u00e9s de su p\u00e1gina de internet no recaba, ni trata \u201cDatos Personales Sensibles\u201d.<\/li><li>Datos financieros: cuentas bancarias, claves interbancarias, referencias personales, claves de acceso a cuentas o sistemas, domicilios fiscales, legales o personales transitorios o permanentes; nombre del titular de una cuenta, entidad financiera, n\u00famero de tarjeta, n\u00famero de seguridad, fecha de vencimiento, todas \u00e9stas contenidas en las tarjetas de cr\u00e9dito y\/o debito bancarios, que entran en los denominados \u201cDatos Personales\u201d.<\/li><li>Datos Personales sensibles: adem\u00e1s de los datos e informaci\u00f3n sobre el estado de salud presente y futuro, se encuentran aquellos que afecten a la esfera m\u00e1s \u00edntima de su titular, o cuya utilizaci\u00f3n indebida pueda dar origen a discriminaci\u00f3n o conlleve un riesgo grave para \u00e9ste. En particular, se consideran sensibles aquellos que puedan revelar aspectos como origen racial o \u00e9tnico, informaci\u00f3n gen\u00e9tica, creencias religiosas, filos\u00f3ficas y morales, afiliaci\u00f3n sindical, opiniones pol\u00edticas, preferencia sexual.<\/li><li>Caracter\u00edsticas f\u00edsicas: videograbaciones y\/o fotograf\u00edas que se obtienen a trav\u00e9s de las videograbaciones de nuestro sistema de c\u00e1maras interno al accesar a nuestras instalaciones, color de piel, de iris y de pelo, huella digital, tatuajes, cicatrices o se\u00f1as particulares, que entran en los denominados \u201cDatos Personales\u201d. La responsable del tratamiento de datos personales, se compromete a que \u00e9stos sean tratados bajo estrictas medidas de seguridad, garantizando su confidencialidad y observando los principios de confidencialidad, licitud, consentimiento, informaci\u00f3n, calidad, finalidad, lealtad, proporcionalidad y responsabilidad en la protecci\u00f3n de datos personales.<\/li><\/ol>\n\n\n\n<p>AMAZONIA, S.A. DE C.V. podr\u00e1 revelar sus Datos Personales, para cumplir con las disposiciones legales aplicables o por requerimiento de autoridad competente, as\u00ed como para llevar a cabo las finalidades para los que han sido recabados, por lo que podr\u00e1 hacer las transferencias nacionales o internacionales de datos, as\u00ed como tambi\u00e9n podr\u00e1 realizar transferencias de datos a entidades proveedoras de servicios para el cumplimiento de los fines establecidos; salvo los Datos Personales Sensibles que requieren su autorizaci\u00f3n expresa para ser revelados conforme a lo establecido por la Ley Federal de Protecci\u00f3n de Datos Personales en Posesi\u00f3n de los Particulares.<\/p>\n\n\n\n<p>El tratamiento de sus datos personales ser\u00e1 el que resulte necesario, adecuado y relevante en relaci\u00f3n con las finalidades previstas en este Aviso de Privacidad, por lo que, el Responsable cuenta con las medidas de seguridad, administrativas, t\u00e9cnicas y f\u00edsicas necesarias y suficientes para proteger sus datos personales contra da\u00f1o, p\u00e9rdida, alteraci\u00f3n, destrucci\u00f3n, uso, acceso o tratamiento no autorizado.<\/p>\n\n\n\n<p>Los datos personales son salvaguardados en bases de datos y equipos de c\u00f3mputo que cuentan con la seguridad necesaria para prevenir fugas de informaci\u00f3n. Controles de acceso f\u00edsico y l\u00f3gico, controles ambientales, sistemas de protecci\u00f3n anti intrusos (IPS, Firewall), herramientas de protecci\u00f3n antivirus y filtrado web son algunas de las herramientas utilizadas para mantener la seguridad de los datos en los sistemas del Responsable.<\/p>\n\n\n\n<p>Cualquier titular o, en su caso, su representante legal podr\u00e1 ejercer los derechos de acceso, rectificaci\u00f3n, cancelaci\u00f3n y oposici\u00f3n sobre sus datos personales, denominados derechos \u201cARCO\u201d y el Responsable proveer\u00e1 los medios que le permitan un oportuno ejercicio de sus derechos. El ejercicio de los derechos \u201cARCO\u201d, deber\u00e1 solicitarse por escrito dirigido al Comit\u00e9 de Privacidad, ubicado en Av. Tulum, Esq. Av Nizuc, Mza 1. Lte 1, Smza 12, Canc\u00fan, Quintana Roo, 77580, M\u00e9xico, o bien, por escrito al correo electr\u00f3nico info@hospitalgalenia.com, el cual deber\u00e1 contener la siguiente informaci\u00f3n: a) lugar y fecha de elaboraci\u00f3n, b) nombre completo y Firma de quien hace la solicitud c) domicilio, correo electr\u00f3nico u otro medio para comunicarle la respuesta a su solicitud, d) documentos que acrediten la identidad del titular de los datos (pasaporte o credencial con fotograf\u00eda emitida por el Instituto Nacional Electoral) y en su caso, la representaci\u00f3n legal de quien lo solicita, e) descripci\u00f3n clara y precisa de los datos personales respecto de los que solicita ejercer alguno de los derechos ARCO, as\u00ed como la fecha en la que proporcion\u00f3 la informaci\u00f3n o cualquier otro elemento o documento que facilite la localizaci\u00f3n de dichos datos y g) para el caso de las solicitudes de rectificaci\u00f3n, deber\u00e1 indicar las modificaciones a realizarse y aportar la documentaci\u00f3n que sustente su petici\u00f3n. El Responsable comunicar\u00e1 al titular, en un plazo m\u00e1ximo de 15 (quince) d\u00edas h\u00e1biles contados a partir del d\u00eda siguiente en que fue recibida su petici\u00f3n, la determinaci\u00f3n adoptada a efecto de que, si resulta procedente, se haga efectiva la misma dentro de los quince d\u00edas h\u00e1biles siguientes a la fecha en que se comunica la respuesta. Los plazos antes referidos, podr\u00e1n ser ampliados una sola vez por un periodo igual, siempre y cuando as\u00ed lo justifiquen las circunstancias del caso. El Usuario podr\u00e1 deshabilitar el uso de cookies y web beacons a trav\u00e9s de la configuraci\u00f3n de opciones de navegaci\u00f3n en la mayor\u00eda de los navegadores de Internet.<\/p>\n\n\n\n<p>Sus datos personales y datos personales sensibles, pueden ser transferidos y tratados dentro y fuera del pa\u00eds, por personas distintas a Amazonia, S.A. de C.V. En este sentido, su informaci\u00f3n puede ser compartida con su aseguradora, con la finalidad de que conozca el tratamiento que se le brind\u00f3. Si usted no manifiesta su oposici\u00f3n para que sus datos personales sean transferidos, se entender\u00e1 que ha otorgado su consentimiento para ello.<\/p>\n","protected":false},"excerpt":{"rendered":"<p>El Derecho Humano a la Privacidad se refiere a que las personas tienen derecho a gozar de un \u00e1mbito de proyecci\u00f3n de su existencia, que quede reservado de la invasi\u00f3n y la mirada de los dem\u00e1s que les concierna solo a ellos y que los provea de condiciones adecuadas para el despliegue de su individualidad,<\/p>\n<div class=\"more-link\">\n\t\t\t\t <a href=\"https:\/\/hospitalgalenia.com\/tiendavir\/aviso-privacidad\/\" class=\"btn theme-btn\"><span>Seguir leyendo <\/span><i class=\"icofont-thin-double-right\"><\/i><\/a>\n\t\t\t<\/div>\n","protected":false},"author":1,"featured_media":0,"parent":0,"menu_order":0,"comment_status":"closed","ping_status":"closed","template":"","meta":[],"_links":{"self":[{"href":"https:\/\/hospitalgalenia.com\/tiendavir\/wp-json\/wp\/v2\/pages\/3"}],"collection":[{"href":"https:\/\/hospitalgalenia.com\/tiendavir\/wp-json\/wp\/v2\/pages"}],"about":[{"href":"https:\/\/hospitalgalenia.com\/tiendavir\/wp-json\/wp\/v2\/types\/page"}],"author":[{"embeddable":true,"href":"https:\/\/hospitalgalenia.com\/tiendavir\/wp-json\/wp\/v2\/users\/1"}],"replies":[{"embeddable":true,"href":"https:\/\/hospitalgalenia.com\/tiendavir\/wp-json\/wp\/v2\/comments?post=3"}],"version-history":[{"count":3,"href":"https:\/\/hospitalgalenia.com\/tiendavir\/wp-json\/wp\/v2\/pages\/3\/revisions"}],"predecessor-version":[{"id":204,"href":"https:\/\/hospitalgalenia.com\/tiendavir\/wp-json\/wp\/v2\/pages\/3\/revisions\/204"}],"wp:attachment":[{"href":"https:\/\/hospitalgalenia.com\/tiendavir\/wp-json\/wp\/v2\/media?parent=3"}],"curies":[{"name":"wp","href":"https:\/\/api.w.org\/{rel}","templated":true}]}}